 -a*m + 3*m = 43. Let h = -30 + m. What is the tens digit of h?
1
Let x(m) = -m**3 + 5*m**2 - 5*m + 6. Let q be x(4). Suppose q*s - 2 - 14 = 0. What is the units digit of s?
8
Suppose 4*s - s + 42 = 0. Let m be ((-4)/(-6))/(1/(-3)). What is the units digit of s/(m + (-2 - -2))?
7
Let j(i) be the first derivative of -i**4/4 - 2*i**3 - i**2/2 - 2*i - 4. What is the units digit of j(-6)?
4
Let q = 116 + -80. Suppose -5*d - 1 = -q. What is the units digit of d?
7
Let b(v) be the third derivative of 0 + 0*v + 7/24*v**4 + 2*v**2 - 1/6*v**3. What is the tens digit of b(2)?
1
Let r = 18 + 91. What is the hundreds digit of r?
1
Let u(m) = -3*m - 5 + 2 - m + 2*m**2 - m**2. What is the units digit of u(7)?
8
Let x(h) = h**2 + 9*h - 10. Let p be x(-10). Suppose p*w + 4 = w. Suppose -k - g + 7 = 0, 5*g + 49 = w*k + 2*g. What is the units digit of k?
0
Let k = -7 - -12. Let h be (-5)/2*(-6)/k. Suppose 0 = -3*j + h, 4*b - 47 = -2*j + 27. What is the tens digit of b?
1
Let o(n) = n**3 + 8*n**2 - 8*n + 11. Let u be o(-9). Suppose z - 15 = 5*h + 13, -u*z = 2*h - 44. What is the tens digit of z?
2
Let l(c) = -3*c - 13. Let p(u) = -13*u - 51. Let i(g) = -9*l(g) + 2*p(g). Suppose 33 = -4*h + 1. What is the units digit of i(h)?
7
Suppose x - 2 = 5*i, 3*i = 3*x + 5 + 1. What is the tens digit of (-21)/i*2/3?
1
Let c(u) = -7*u - 12. Let y(r) = 6*r + 13. Let n(s) = 5*c(s) + 6*y(s). What is the tens digit of n(0)?
1
Let y(m) = m**3 + m**2 + 2*m + 13. What is the units digit of y(0)?
3
Suppose 0*c - 4*c - 4 = 0. Let l = c + 12. What is the tens digit of l?
1
Let s(j) = 14*j**2 - 1. What is the units digit of s(-2)?
5
Let y(b) = 12*b. What is the tens digit of y(4)?
4
What is the units digit of (-2)/(-3) - (-356)/6?
0
Suppose 0 = -4*y + y + 150. What is the tens digit of y?
5
Let c(v) = v**3 + 5*v**2 - 8*v - 6. Let d be c(-6). Let z = d - 2. Suppose -28 = -5*x - z*q, 4*x + 1 = 5*q + 7. What is the units digit of x?
4
Suppose 0*t - 3*t - 4*l + 281 = 0, 5*t - 2*l = 503. What is the tens digit of t?
9
Suppose 2*k - 22 = 5*i, -i + 2*i = -5*k + 28. Suppose -k*c + c = -3*q - 50, 0 = -4*q - 20. Suppose -5*t + 25 = 0, -z - z + c = -t. What is the units digit of z?
6
Let m(a) = 8*a**2 + 3*a + 3. What is the units digit of m(-1)?
8
Let s(t) = 4*t**3 - 2*t**2 - 4*t + 7. What is the units digit of s(3)?
5
Let z(f) = -f**2 + 18*f - 8. What is the units digit of z(9)?
3
Let l be (-1 + 2)/((-3)/(-12)). Suppose -24 = -l*y + y. Suppose 5*c + 5*m = 35, 0 = 4*c + 3*m - y - 18. What is the units digit of c?
5
Let d be 1/(-3 - 20/(-6)). Suppose -5*j = -d*j - 3*r - 55, 0 = 5*j + 2*r - 166. What is the tens digit of j?
3
Suppose 0 = -9*j + 8*j + 39. What is the tens digit of j?
3
Suppose -3*y = 2*y - 10. Suppose 4*t = 4*o - 32, 5*o - 4 - 42 = y*t. Suppose o + 1 = j. What is the units digit of j?
1
What is the units digit of 1/(2/58) - 1?
8
Let v be (-130)/50 + (-4)/10. What is the units digit of 3/3 - 1*v?
4
Let p(w) = 2*w**3 + w**2 + 4*w - 4. Let x(c) = c**3 + c**2 + 3*c - 3. Let q(n) = 3*p(n) - 4*x(n). Let z be q(1). What is the units digit of z + -1 + 6/3?
2
Let q(t) = 5*t**2 + 2*t - 17. What is the tens digit of q(6)?
7
Suppose 5*c + 2*y - 3*y = -15, 3*c - 5*y = -31. What is the units digit of 21/c*(1 + -3)?
1
Suppose -3*u - 3*p - 48 = 0, 2*p - 19 - 89 = 5*u. What is the tens digit of (-16)/u*55/2?
2
Suppose 2*x + 10 = 0, -2*x + 96 = 3*p - 62. What is the units digit of p?
6
Let p = -34 - -35. What is the units digit of p?
1
Suppose -4*i + i = 3*d - 6, 0 = 4*i - 2*d - 26. Suppose n - 36 = 3*h, -2*h = i*n - 0*n - 214. What is the units digit of n?
2
Let l be 3 + -2 + -2 - -19. Suppose 5*m - 2 = -3*q - 16, -q + m - l = 0. What is the tens digit of (q/(-5))/((-6)/(-30))?
1
Suppose i - 5 = 1. What is the units digit of i?
6
Suppose -s = -5*t + 43, -2*t - 3*t + 2*s + 41 = 0. Suppose -z + t = -0. What is the units digit of z?
9
Suppose 2*g - 8 = 3*p, -4*p + 5 = 2*g - 3. Let i(x) be the first derivative of x**3/3 - x**2/2 + 12*x - 2. What is the units digit of i(p)?
2
Suppose 0 = -6*k + k + 10. What is the units digit of k?
2
Suppose 3*x = 3*h + 6*x - 882, -4*h = -2*x - 1170. What is the hundreds digit of h?
2
Suppose 0 = -j + 5*j + 3*z - 79, 0 = -z - 3. What is the tens digit of j?
2
Let f = -61 - -117. Let u = -37 + f. What is the tens digit of u?
1
Let n = -124 - -39. What is the tens digit of (2 - 2) + n/(-5)?
1
Suppose -2*b = -5*g - 29, -g = 2*b - 4*g - 27. Let c = b + -7. What is the units digit of c?
5
Let k = 14 + -12. Suppose -3 - 2 = 5*i. Let t = i + k. What is the units digit of t?
1
Suppose 2*x = 2*p + 4, -4*x + 5 = -x - 2*p. What is the units digit of x?
1
Suppose 0 = -5*w - 3*g + 7*g - 26, 5*g = -3*w - 23. What is the units digit of (63/w)/(2/(-4))?
1
Suppose -5 = 4*q + 3. Let a = q - -3. What is the units digit of a?
1
Suppose -5*d + 3*v + 21 = 0, -5*d = -2*d + 2*v - 5. Suppose d*o - 210 = -3*o. What is the tens digit of o?
3
Let t = -112 - -215. What is the hundreds digit of t?
1
Suppose y = 54 + 18. Suppose 2*h + 2*h = y. Suppose h = -3*o + 5*o. What is the units digit of o?
9
Let g(a) = -6*a**3 + a. Let f be g(-1). Suppose 0*v = -f*v + 15. What is the units digit of v?
3
Suppose 5*v - 3*a - 5 - 2 = 0, 0 = -2*v + 3*a + 1. Let u(y) = 1 + 2*y**v - 2*y + y**2 + 4*y + y**3. What is the units digit of u(-2)?
1
Let i be (-8)/52 - 28/(-13). Suppose 0*x - 3*q = i*x - 19, 2*q = -x + 10. What is the units digit of x?
8
Suppose 1 = 4*i - 3*i + 4*r, 2*r = 0. Let t = -8 + 8. Let f = t + i. What is the units digit of f?
1
Let i(j) = -27*j. What is the tens digit of i(-2)?
5
Let d = 509 - 284. What is the units digit of d?
5
Suppose -6*g - 15 = -g - h, -5*g - h = 15. Let d = 2 + g. Let o(m) = -7*m**3 - 2*m**2 - m. What is the units digit of o(d)?
6
Let h(k) = -4*k**2 - k + 1. Let a be h(1). Let b = 12 + a. What is the units digit of b?
8
Let z(s) = -5*s - 8. Let q be z(-7). Suppose -3*k + q = 3. What is the units digit of k?
8
Suppose -2*q - 9 = 3. Suppose -s - 16 = 5*v, -2*v + 0*v - 46 = -4*s. What is the units digit of 102/s + 2/q?
1
Let f(z) = -2*z**2 + z + 2. Let r be f(-2). What is the units digit of (-60)/r - (-3)/(-6)?
7
Let v = 21 - 11. Let a = 15 - v. Suppose -z = -a - 1. What is the units digit of z?
6
Suppose 4*n - 164 = -4*k, -n - k + 49 = 2*k. Let q = n - 25. What is the units digit of q?
2
Let w = 39 + -12. What is the units digit of w?
7
Suppose -5*a + 233 = -4*y - 556, 4*y - 821 = -5*a. What is the units digit of a?
1
What is the hundreds digit of (-103)/(28/8 + -4)?
2
What is the units digit of (((-248)/6)/2)/((-25)/75)?
2
Suppose 6*m + 37 = -35. Let i(j) = 5*j**2 - 3*j - 2. Let f be i(-2). Let g = m + f. What is the tens digit of g?
1
Let g(y) = y**3 + 7*y**2 - 2*y + 5. Let m be g(-7). Let w = m + -11. What is the units digit of w?
8
Let k(q) = 6*q - 4. What is the units digit of k(9)?
0
Suppose -8 = 4*n + 12. Let x = n - -13. What is the units digit of x?
8
Let r = 101 - -104. What is the tens digit of r?
0
Suppose 73 + 5 = 3*j. What is the tens digit of j?
2
Let s be (-3 + 1 + 1)*-3. Suppose 5*i - 16 = s*i. Suppose q + i = 3*q. What is the units digit of q?
4
Let t(p) = -16*p - 6. Let l be t(-4). Suppose 2*c + 208 - 44 = 4*o, -5*o = -4*c - 211. Let h = l - o. What is the units digit of h?
9
Suppose 338 = 8*h + 18. What is the tens digit of h?
4
Suppose 0*w - 3 = -3*w, 2*f - 27 = -5*w. What is the tens digit of f?
1
Suppose 6*m = 2*m + 12. Suppose -q = 4*k - 7, -m*q + 4*q = -5. Let x = 2 + k. What is the units digit of x?
5
Let i(h) = 7*h + 8. What is the hundreds digit of i(16)?
1
Suppose q - 4*m = 132, 2*q + 141 = 3*q + 5*m. What is the hundreds digit of q?
1
Suppose -3*c - b = -571, 2*c = 5*b - 0*b + 375. What is the hundreds digit of c?
1
Let k(i) = i**2 + 10*i + 9. Let q be k(-9). Suppose -4*x - 2*o + 66 = -q*o, -5*x + 77 = -3*o. What is the tens digit of x?
1
Let v(c) = c - 6. Let t be v(5). Let i be 14/8 + t/(-4). Suppose -4 = -i*z - 2*l + 8, -4*l + 14 = 2*z. What is the units digit of z?
5
Let n(l) = l**2 - 2*l - 4. Let w be n(4). What is the tens digit of 1*(19 - (w + -3))?
1
Suppose -4*x = j + 3, -2*j + 2*x = 4*x - 12. Suppose -j = 4*u + 7. Let z(a) = -a**2 - 5*a + 1. What is the units digit of z(u)?
5
What is the units digit of (-7)/3*(-21)/7?
7
Suppose -b - 7